**2 + 41*d + 96. Determine r(-18).
6
Let s(y) = 30*y - 152. Determine s(6).
28
Let i(m) = -m**3 + 2*m**2 - 2*m + 2. Give i(0).
2
Let n(c) = -c**3 - 12*c**2 - 36*c - 7. What is n(-6)?
-7
Let r(p) = 14*p - 210. Determine r(15).
0
Let x(f) = 4*f**3 + 2. Calculate x(2).
34
Let m(q) = 17*q**3 + 5*q - 6. Give m(1).
16
Let k(x) = 2*x**2 + 14*x - 14. Give k(-8).
2
Let j(a) = -a**2 + 31. What is j(-6)?
-5
Let s(c) = c**3 - 2*c**2 - 5*c - 1. What is s(4)?
11
Let x(n) = -n**3 + 4*n**2 - 8*n + 3. Give x(5).
-62
Let p(x) = -x**3 + 11*x**2 - 2*x - 6. Give p(11).
-28
Let p(b) = 18*b**3 + 3*b - 1. What is p(1)?
20
Let w(k) = k**2 + 12*k + 14. Give w(-11).
3
Let j(y) = y**3 - 3*y**2 - 7*y + 1. Calculate j(5).
16
Let t(h) = 2*h - 3. Calculate t(7).
11
Let x(p) = -11*p + 1. Determine x(-1).
12
Let h(f) = 6*f**3 + f**2 - 1. What is h(1)?
6
Let f(v) = 2*v - 7. What is f(0)?
-7
Let i(v) = -v**2 + 12*v - 14. Give i(17).
-99
Let p(s) = 85*s - 586. What is p(7)?
9
Let k(x) = -x**3 + 13*x**2 + 2*x - 26. Give k(13).
0
Let h(d) = -3*d**3 + 2*d**2 - 4. Give h(0).
-4
Let y(a) = -12*a - 24. Calculate y(13).
-180
Let i(a) = a**2 + 20*a + 18. Calculate i(-19).
-1
Let o(r) = 9*r - 70. What is o(10)?
20
Let m(t) = -13*t + 1. Determine m(-7).
92
Let q(l) = -l**3 + l**2 + 2*l - 2. What is q(3)?
-14
Let c(d) = -4*d**2 + 3*d + 6. Give c(-2).
-16
Let z(q) = q**2 + 11*q - 442. Give z(-27).
-10
Let w(u) = u**3 - 2*u**2 + u + 1. Determine w(2).
3
Let a(z) = z**3 - 12*z**2 + 11*z + 2. What is a(11)?
2
Let y(x) = x**2 + 9*x - 241. Give y(-21).
11
Let w(f) = -4*f - 20. What is w(-5)?
0
Let z(y) = -y - 28. Calculate z(5).
-33
Let t(b) = -3*b**3 + 16*b**2 + 15*b - 22. What is t(6)?
-4
Let w(y) = 17*y - 62. Give w(4).
6
Let u(m) = -m**2 - 3*m + 1. What is u(-5)?
-9
Let j(r) = -r**2 - 15*r - 28. Give j(-5).
22
Let z(a) = -a**2 - 2*a - 3. Calculate z(-2).
-3
Let o(q) = -q**2 - 39*q + 336. Give o(7).
14
Let r(j) = 2*j**3 + 9*j**2 + 2*j - 3. Calculate r(-5).
-38
Let u(t) = -t**3 - 15*t**2 - 4*t - 53. Give u(-15).
7
Let m(w) = 2*w + 22. Calculate m(6).
34
Let q(c) = -c**3 + 13*c**2 - 20*c + 2. Calculate q(11).
24
Let m(t) = -39*t. Determine m(-2).
78
Let g(v) = -2*v**2 - 6*v + 3. Calculate g(1).
-5
Let n(x) = x**3 - 5*x**2 + x + 2. Determine n(5).
7
Let a(s) = 2*s - 15. Determine a(5).
-5
Let p(t) = t**3 + 4*t**2 - 3*t + 7. Give p(-5).
-3
Let q(w) = -11*w**2 - 3*w + 2. Give q(-3).
-88
Let j(z) = -z**2 - z - 2. Give j(-6).
-32
Let u(a) = -3*a + 24. What is u(12)?
-12
Let l(p) = p**3 - 10*p**2 - 10*p - 12. Calculate l(11).
-1
Let l(b) = b**2 + 12*b + 31. Calculate l(-9).
4
Let y(o) = -2*o - 7. Give y(-6).
5
Let c(x) = x**3 + x**2 - 7*x + 1. Calculate c(-3).
4
Let w(a) = -a - 17. What is w(17)?
-34
Let h(w) = -4*w + 16. What is h(0)?
16
Let n(u) = -u**3 - 17*u**2 - 73*u - 7. Calculate n(-8).
1
Let c(m) = -m**2 + 5*m + 13. Give c(14).
-113
Let g(f) = -10*f**3 + f + 1. Determine g(-1).
10
Let l(u) = u**3 + 23*u**2 - 21*u + 19. Determine l(-24).
-53
Let l(g) = 6*g**2 + 2*g - 1. Calculate l(1).
7
Let s(g) = -g - 1. Determine s(-2).
1
Let s(w) = -2*w + 4. Determine s(-6).
16
Let y(v) = v**3 + 8*v**2 + 9*v - 1. Give y(-7).
-15
Let o(d) = 9*d - 7. Calculate o(-3).
-34
Let p(y) = -11*y**3 - 3*y**2 - 2*y - 4. Determine p(-2).
76
Let o(y) = y - 1. What is o(0)?
-1
Let h(l) = 9*l**2 + 216*l - 6. Determine h(-24).
-6
Let v(d) = -d - 26. What is v(-11)?
-15
Let d(m) = 11*m**2 + 3*m - 5. Calculate d(1).
9
Let d(i) = -i**3 - 8*i**2 + 12*i + 24. Give d(-9).
-3
Let a(q) = -q**2 + q - 6. What is a(0)?
-6
Let x(s) = s**3 + 8*s**2 + 2*s + 5. What is x(-8)?
-11
Let i(m) = -32*m - 2. Calculate i(2).
-66
Let s(a) = -a**2 + 17*a - 4. Determine s(11).
62
Let k(v) = v**3 + 5*v**2 + 2*v - 5. What is k(-4)?
3
Let u(h) = -h**3 + 5*h**2 - 9*h + 4. Determine u(2).
-2
Let w(u) = 19*u - 9. Determine w(2).
29
Let n(o) = 9*o - 65. What is n(12)?
43
Let u(c) = c**3 - 9*c**2 + 4*c + 11. Give u(8).
-21
Let v(x) = -x**2 + 25*x - 81. Calculate v(21).
3
Let s(p) = -8*p + 10. What is s(2)?
-6
Let t(o) = o**3 - o**2 - 23*o + 20. What is t(5)?
5
Let t(i) = -3*i + 17. What is t(5)?
2
Let p(l) = l**3 - 9*l**2 - 23*l. Determine p(11).
-11
Let b(v) = 9*v - 25. What is b(1)?
-16
Let v(u) = -u**2 - 10*u - 15. Calculate v(-11).
-26
Let h(d) = -3*d - 1. Determine h(4).
-13
Let g(a) = -3*a - 5. Calculate g(-1).
-2
Let z(v) = v**2 - 29*v - 214. Give z(-6).
-4
Let i(q) = 18*q + 100. Determine i(-6).
-8
Let j(g) = -g**2 + 12*g - 6. What is j(14)?
-34
Let w(y) = y**2 + 11*y + 23. What is w(-4)?
-5
Let q(s) = -s**3 - 5*s**2 + 7*s + 7. Give q(-5).
-28
Let f(p) = p + 6. Determine f(-7).
-1
Let t(a) = 3*a - 6. Determine t(6).
12
Let p(s) = 7*s + 19. Determine p(-5).
-16
Let m(h) = -h**3 - 6*h**2 - 5*h - 6. Give m(-4).
-18
Let k(h) = -h**3 + 7*h**2 - 13*h + 13. What is k(5)?
-2
Let w(n) = 26*n + 1. Give w(-3).
-77
Let r(d) = d - 6. Determine r(9).
3
Let j(o) = -o**2 + 24*o + 41. Calculate j(22).
85
Let s(g) = 2*g**2 - 148*g + 145. What is s(73)?
-1
Let h(j) = -2*j**3 + 10*j**2 - j - 3. Give h(4).
25
Let z(u) = u**3 + 17*u**2 - 3*u - 42. Determine z(-17).
9
Let r(z) = 5*z - 9. Determine r(2).
1
Let p(j) = j**3 - 5*j**2 - 25*j + 5. What is p(-3)?
8
Let u(y) = 2*y**2 - 19*y + 26. Determine u(7).
-9
Let g(y) = y - 6. What is g(-13)?
-19
Let z(t) = -t**3 + 11*t**2 + 14*t - 30. Determine z(12).
-6
Let b(q) = -3*q + 4. Calculate b(2).
-2
Let j(a) = -a**2 + 4*a + 2. Calculate j(7).
-19
Let v(z) = 28*z + 220. Determine v(-9).
-32
Let u(z) = z**2 + 6*z + 10. Give u(-7).
17
Let n(v) = -v**3 - 8*v**2 - 7*v + 7. Calculate n(-7).
7
Let j(d) = d**2 - 7*d + 13. Calculate j(4).
1
Let h(o) = o**3 + 7*o**2 + 2*o + 10. Determine h(-7).
-4
Let o(j) = -j**2 + 4*j + 7. Calculate o(6).
-5
Let j(m) = m**3 - 7*m**2 - 8*m - 7. What is j(8)?
-7
Let d(f) = -f**3 - 33*f**2 + 29*f - 166. Calculate d(-34).
4
Let u(b) = -b**2 - 5*b - 4. Determine u(-4).
0
Let x(b) = b + 11. What is x(5)?
16
Let h(q) = q**3 + 36*q**2 + 155*q + 40. Determine h(-31).
40
Let l(y) = -10*y + 1. What is l(4)?
-39
Let m(r) = r**2 + 18*r + 9. Calculate m(-18).
9
Let j(r) = r**3 + 6*r**2 - 8*r + 4. Give j(-7).
11
Let z(b) = 8*b**2 + 191*b - 27. Give z(-24).
-3
Let v(w) = -w - 1. Determine v(-10).
9
Let m(w) = 2*w**3 + 4*w**2 - 6*w + 31. Determine m(-4).
-9
Let f(v) = -v**3 - 8*v**2 - v + 5. What is f(-8)?
13
Let l(h) = 4*h**2 + 20*h - 54. Give l(-7).
2
Let w(c) = 3*c + 3. Calculate w(-3).
-6
Let g(p) = p**3 + 6*p**2 + 8. Give g(-6).
8
Let r(b) = 10*b + 107. Give r(-11).
-3
Let z(x) = x**3 - 6*x**2 - 11*x + 41. Calculate z(5).
-39
Let t(g) = 23*g + 349. Give t(-15).
4
Let u(f) = f + 3. Calculate u(-1).
2
Let t(c) = -c**3 - 8*c**2 + 22*c + 21. Calculate t(-10).
1
Let g(y) = -y**3 - 8*y**2 + 14*y + 15. Give g(-9).
-30
Let d(g) = g**3 + 8*g**2 - 19*g - 8. What is d(-10)?
-18
Let b(x) = -3*x - 62. What is b(-11)?
-29
Let x(o) = -6*o + 2. Give x(4).
-22
Let d(w) = -7*w**2 + 20*w - 7. Calculate d(2).
5
Let g(c) = -c**3 + 5*c**2 - 9*c + 8. Give g(2).
2
Let a(k) = k**3 + 5*k**2 + 2*k - 2. Calculate a(-6).
-50
Let c(t) = -t**2 - 53*t - 396. What is c(-44)?
0
Let v(p) = -2*p**3 - 18*p**2 - 16*p - 7. Determine v(-8).
-7
Let p(n) = -n**2 - 15*n + 3. Calculate p(-16).
-13
Let t(f) = -f**3 - 15*f**2 - 3*f + 4. Determine t(-15).
49
Let r(v) = v**2 - 3*v - 3. Determine r(3).
-3
Let f(o) = o**2 - 5*o + 6. Give f(7).
20
Let l(u) = u**3 + 8*u**2 + 2*u + 12. Determine l(-8).
-4
Let s(b) = -b**3 - 16*b**2 - 32*b + 68. Determine s(-13).
-23
Let v(x) = -10*x - 135. Give v(-12).
-15
Let t(m) = 5*m + 24. Calculate t(-5).
-1
Let d(s) = -13*s**3 + s**2 + 3*s + 2. Determine d(-1).
13
Let k(l) = -4*l + 39. Give k(12).
-9
Let i(z) = 7*z - 73. Give i(9).
-10
Let b(h) = 12*h + 82. Give b(-7).
-2
Let c(p) = -p**3 + 4*p**2 - 11*p + 9. Calculate c(4).
-35
Let t(d) = d**2 - 3*d - 6. Determine t(4).
-2
Let o(k) = -11*k**2 + 5*k - 3. Calculate o(2).
-37
Let u(h) = -80*h + 2. Calculate u(-2).
162
Let x(k) = -k**3 - 8*k**2 - 6*k - 5. Give x(-8).
43
Let s(x) = -51*x - 43. Calculate s(-2).
59
Let v(d) = -6*d - 42. What is v(-8)?
6
Let v(g) = -14*g + 64. What is v(4)?
8
Let t(p) = -p**3 + 4*p**2 - 7*p + 1. Determine t(2).
-5
Let x(h) = -9*h + 131. What is x(22)?
-67
Let z(i) = i**3 - 5*i**2 - 3*i + 3. Give z(4).
-25
Let x(n) = 3*n**2 - 6*n + 6. Determine x(